{"id":194,"date":"2024-11-15T09:13:48","date_gmt":"2024-11-15T09:13:48","guid":{"rendered":"https:\/\/brzoskowscy.pl\/?page_id=194"},"modified":"2024-11-15T20:22:29","modified_gmt":"2024-11-15T20:22:29","slug":"uslugi_stomatologiazachowawcza","status":"publish","type":"page","link":"https:\/\/brzoskowscy.pl\/index.php\/uslugi_stomatologiazachowawcza\/","title":{"rendered":"uslugi_stomatologiazachowawcza"},"content":{"rendered":"<p>[et_pb_section fb_built=&#8221;1&#8243; admin_label=&#8221;About&#8221; _builder_version=&#8221;4.27.3&#8243; background_image=&#8221;https:\/\/brzoskowscy.pl\/wp-content\/uploads\/2024\/11\/dentist-13.png&#8221; background_size=&#8221;initial&#8221; background_position=&#8221;top_right&#8221; custom_padding=&#8221;0|0px|0|0px|false|false&#8221; hover_enabled=&#8221;0&#8243; global_colors_info=&#8221;{}&#8221; sticky_enabled=&#8221;0&#8243;][et_pb_row custom_padding_last_edited=&#8221;on|desktop&#8221; _builder_version=&#8221;4.27.3&#8243; use_background_color_gradient=&#8221;on&#8221; background_color_gradient_direction=&#8221;75deg&#8221; background_color_gradient_stops=&#8221;#51a5ba 0%|rgba(81,165,186,0.89) 100%&#8221; background_color_gradient_start=&#8221;#0059c3&#8243; background_color_gradient_end=&#8221;#0081ff&#8221; max_width=&#8221;1280px&#8221; module_alignment=&#8221;center&#8221; custom_margin=&#8221;|||&#8221; custom_padding=&#8221;0|5vw|90px|5vw|false|false&#8221; custom_padding_tablet=&#8221;|5vw||5vw||true&#8221; custom_padding_phone=&#8221;0px|5vw|33px|5vw|false|true&#8221; animation_style=&#8221;zoom&#8221; animation_direction=&#8221;top&#8221; animation_intensity_zoom=&#8221;1%&#8221; hover_enabled=&#8221;0&#8243; border_radii=&#8221;off|6vw||10vw|&#8221; box_shadow_style=&#8221;preset1&#8243; box_shadow_horizontal=&#8221;60px&#8221; box_shadow_vertical=&#8221;0px&#8221; box_shadow_blur=&#8221;60px&#8221; box_shadow_spread=&#8221;-40px&#8221; box_shadow_color=&#8221;rgba(0,121,255,0.1)&#8221; use_custom_width=&#8221;on&#8221; custom_width_px=&#8221;1280px&#8221; global_colors_info=&#8221;{}&#8221; sticky_enabled=&#8221;0&#8243;][et_pb_column type=&#8221;4_4&#8243; _builder_version=&#8221;4.16&#8243; custom_padding=&#8221;60px|||&#8221; custom_padding_tablet=&#8221;40px|||&#8221; custom_padding_phone=&#8221;20px|||&#8221; custom_padding_last_edited=&#8221;off|desktop&#8221; global_colors_info=&#8221;{}&#8221; padding_phone=&#8221;20px|||&#8221; padding_tablet=&#8221;40px|||&#8221; padding_last_edited=&#8221;off|desktop&#8221; custom_padding__hover=&#8221;|||&#8221;][et_pb_text _builder_version=&#8221;4.27.3&#8243; text_font=&#8221;Open Sans||||||||&#8221; text_line_height=&#8221;2em&#8221; ul_font=&#8221;||||||||&#8221; ol_font=&#8221;||||||||&#8221; header_font=&#8221;||||||||&#8221; header_2_font=&#8221;Cantata One||||||||&#8221; header_2_text_align=&#8221;center&#8221; header_2_font_size=&#8221;40px&#8221; header_2_line_height=&#8221;1.4em&#8221; text_orientation=&#8221;center&#8221; background_layout=&#8221;dark&#8221; header_2_font_size_tablet=&#8221;35px&#8221; header_2_font_size_phone=&#8221;25px&#8221; header_2_font_size_last_edited=&#8221;on|phone&#8221; global_colors_info=&#8221;{}&#8221;]<\/p>\n<h2>Stomatologia zachowawcza<\/h2>\n<p>Stomatologia zachowawcza to dziedzina stomatologii, kt\u00f3ra zajmuje si\u0119 przede wszystkim profilaktyk\u0105 i leczeniem chor\u00f3b z\u0119b\u00f3w.<br \/>Jej celem jest zachowanie naturalnych z\u0119b\u00f3w w jak najlepszym stanie przez jak najd\u0142u\u017cszy czas.<\/p>\n<p>[\/et_pb_text][\/et_pb_column][\/et_pb_row][\/et_pb_section][et_pb_section fb_built=&#8221;1&#8243; admin_label=&#8221;Profile&#8221; _builder_version=&#8221;4.27.3&#8243; custom_padding=&#8221;51px||52px|||&#8221; hover_enabled=&#8221;0&#8243; locked=&#8221;off&#8221; global_colors_info=&#8221;{}&#8221; custom_padding_last_edited=&#8221;on|phone&#8221; custom_padding_phone=&#8221;22px||52px||false|false&#8221; sticky_enabled=&#8221;0&#8243; custom_padding_tablet=&#8221;51px||52px|||&#8221;][et_pb_row column_structure=&#8221;2_5,3_5&#8243; padding_top_bottom_link_2=&#8221;false&#8221; _builder_version=&#8221;4.27.3&#8243; custom_margin=&#8221;|auto|-2px|auto||&#8221; custom_padding=&#8221;||0px||false|false&#8221; global_colors_info=&#8221;{}&#8221;][et_pb_column type=&#8221;2_5&#8243; _builder_version=&#8221;4.16&#8243; custom_padding=&#8221;|||&#8221; global_colors_info=&#8221;{}&#8221; custom_padding__hover=&#8221;|||&#8221;][et_pb_image src=&#8221;https:\/\/brzoskowscy.pl\/wp-content\/uploads\/2024\/11\/1000Image00012.jpg&#8221; title_text=&#8221;1000Image00012&#8243; align_tablet=&#8221;center&#8221; align_phone=&#8221;center&#8221; align_last_edited=&#8221;on|desktop&#8221; _builder_version=&#8221;4.27.3&#8243; custom_margin=&#8221;|||&#8221; border_radii=&#8221;|10vw|10vw|10vw|&#8221; box_shadow_style=&#8221;preset3&#8243; box_shadow_vertical=&#8221;20px&#8221; box_shadow_blur=&#8221;30px&#8221; box_shadow_color=&#8221;rgba(173,180,208,0.2)&#8221; global_colors_info=&#8221;{}&#8221;][\/et_pb_image][\/et_pb_column][et_pb_column type=&#8221;3_5&#8243; _builder_version=&#8221;4.27.3&#8243; custom_padding=&#8221;0px||0px||false|false&#8221; custom_padding_tablet=&#8221;0px||0px|&#8221; custom_padding_last_edited=&#8221;off|desktop&#8221; global_colors_info=&#8221;{}&#8221; padding_tablet=&#8221;0px||0px|&#8221; padding_last_edited=&#8221;off|desktop&#8221; custom_padding__hover=&#8221;|||&#8221;][et_pb_text _builder_version=&#8221;4.27.3&#8243; text_font=&#8221;Open Sans||||||||&#8221; text_line_height=&#8221;2em&#8221; header_font=&#8221;||||||||&#8221; header_2_font=&#8221;Cantata One||||||||&#8221; header_2_font_size=&#8221;40px&#8221; header_2_line_height=&#8221;1.4em&#8221; header_2_font_size_tablet=&#8221;35px&#8221; header_2_font_size_phone=&#8221;25px&#8221; header_2_font_size_last_edited=&#8221;on|phone&#8221; global_colors_info=&#8221;{}&#8221;]<\/p>\n<h3 data-sourcepos=\"5:1-5:41\">Co obejmuje stomatologia zachowawcza?<\/h3>\n<ul data-sourcepos=\"7:1-12:0\">\n<li data-sourcepos=\"7:1-7:146\"><strong>Badania profilaktyczne:<\/strong> Regularne wizyty kontrolne, podczas kt\u00f3rych stomatolog ocenia stan zdrowia jamy ustnej, usuwa osad i kamie\u0144 naz\u0119bny.<\/li>\n<li data-sourcepos=\"8:1-8:95\"><strong>Leczenie pr\u00f3chnicy:<\/strong> Usuwanie ubytk\u00f3w w z\u0119bach i wype\u0142nianie ich nowoczesnymi materia\u0142ami.<\/li>\n<li data-sourcepos=\"9:1-9:104\"><strong>Leczenie stan\u00f3w zapalnych:<\/strong> Leczenie zapalenia miazgi (nerwu z\u0119ba) oraz chor\u00f3b przyz\u0119bia (dzi\u0105se\u0142).<\/li>\n<li data-sourcepos=\"10:1-10:60\"><strong>Leczenie uraz\u00f3w z\u0119b\u00f3w:<\/strong> Naprawa z\u0142ama\u0144 i p\u0119kni\u0119\u0107 z\u0119b\u00f3w.<\/li>\n<li data-sourcepos=\"11:1-12:0\"><strong>Zapobieganie pr\u00f3chnicy:<\/strong> Lakierowanie z\u0119b\u00f3w, stosowanie fluoru.<\/li>\n<\/ul>\n<h3 data-sourcepos=\"13:1-13:49\">Dlaczego jest wa\u017cna?<\/h3>\n<ul data-sourcepos=\"15:1-18:0\">\n<li data-sourcepos=\"15:1-15:166\"><strong>Zdrowe z\u0119by to zdrowe cia\u0142o:<\/strong> Choroby z\u0119b\u00f3w mog\u0105 prowadzi\u0107 do powa\u017cnych problem\u00f3w zdrowotnych, takich jak choroby serca, cukrzyca czy choroby uk\u0142adu oddechowego.<\/li>\n<li data-sourcepos=\"16:1-16:95\"><strong>Pi\u0119kny u\u015bmiech:<\/strong> Zdrowe i estetyczne z\u0119by wp\u0142ywaj\u0105 na nasze samopoczucie i pewno\u015b\u0107 siebie.<\/li>\n<li data-sourcepos=\"17:1-18:0\"><strong>Oszcz\u0119dno\u015b\u0107 czasu i pieni\u0119dzy:<\/strong> Regularne wizyty u dentysty pozwalaj\u0105 na wczesne wykrycie i leczenie chor\u00f3b z\u0119b\u00f3w, co zapobiega powstawaniu powa\u017cniejszych problem\u00f3w i kosztownych lecze\u0144.<\/li>\n<\/ul>\n<p>[\/et_pb_text][\/et_pb_column][\/et_pb_row][\/et_pb_section][et_pb_section fb_built=&#8221;1&#8243; _builder_version=&#8221;4.27.3&#8243; _module_preset=&#8221;default&#8221; background_color=&#8221;rgba(110,160,193,0.12)&#8221; custom_padding=&#8221;35px||19px|||&#8221; hover_enabled=&#8221;0&#8243; global_colors_info=&#8221;{}&#8221; custom_padding_last_edited=&#8221;on|phone&#8221; custom_padding_phone=&#8221;2px||19px||false|false&#8221; sticky_enabled=&#8221;0&#8243; custom_padding_tablet=&#8221;35px||19px|||&#8221;][et_pb_row _builder_version=&#8221;4.27.3&#8243; _module_preset=&#8221;default&#8221; custom_margin=&#8221;|auto|-4px|auto||&#8221; custom_padding=&#8221;||25px|||&#8221; global_colors_info=&#8221;{}&#8221;][et_pb_column type=&#8221;4_4&#8243; _builder_version=&#8221;4.27.3&#8243; _module_preset=&#8221;default&#8221; global_colors_info=&#8221;{}&#8221;][et_pb_text _builder_version=&#8221;4.27.3&#8243; text_font=&#8221;Open Sans||||||||&#8221; text_line_height=&#8221;2em&#8221; header_font=&#8221;||||||||&#8221; header_3_font=&#8221;Cantata One||||||||&#8221; header_3_font_size=&#8221;20px&#8221; header_3_line_height=&#8221;1.6em&#8221; custom_margin=&#8221;||5px|||&#8221; header_3_font_size_tablet=&#8221;&#8221; header_3_font_size_phone=&#8221;25px&#8221; header_3_font_size_last_edited=&#8221;on|phone&#8221; locked=&#8221;off&#8221; global_colors_info=&#8221;{}&#8221;]<\/p>\n<h3 data-sourcepos=\"19:1-19:50\">Jakie zabiegi wykonuje stomatolog?<\/h3>\n<ul data-sourcepos=\"21:1-25:0\">\n<li data-sourcepos=\"21:1-21:129\"><strong>Wype\u0142nienia:<\/strong> Usuwanie pr\u00f3chnicy i wype\u0142nianie ubytk\u00f3w nowoczesnymi materia\u0142ami kompozytowymi, kt\u00f3re s\u0105 estetyczne i trwa\u0142e.<\/li>\n<li data-sourcepos=\"22:1-22:91\"><strong>Leczenie kana\u0142owe:<\/strong> Ratowanie z\u0119b\u00f3w z zaawansowan\u0105 pr\u00f3chnic\u0105, kt\u00f3re dotar\u0142a do miazgi.<\/li>\n<li data-sourcepos=\"23:1-23:108\"><strong>Skaling i piaskowanie:<\/strong> Usuwanie osadu i kamienia naz\u0119bnego, kt\u00f3re s\u0105 przyczyn\u0105 wielu chor\u00f3b przyz\u0119bia.<\/li>\n<li data-sourcepos=\"24:1-25:0\"><strong>Lakierowanie z\u0119b\u00f3w:<\/strong> Nak\u0142adanie na z\u0119by ochronnej warstwy fluoru, kt\u00f3ra wzmacnia szkliwo i zapobiega pr\u00f3chnicy.<\/li>\n<\/ul>\n<p>[\/et_pb_text][\/et_pb_column][\/et_pb_row][\/et_pb_section][et_pb_section fb_built=&#8221;1&#8243; custom_padding_last_edited=&#8221;on|phone&#8221; admin_label=&#8221;Services&#8221; _builder_version=&#8221;4.27.3&#8243; custom_margin=&#8221;|||&#8221; custom_padding=&#8221;0px|0|39.3125px|0px|false|false&#8221; custom_padding_tablet=&#8221;|0%|40px|0%|false|true&#8221; hover_enabled=&#8221;0&#8243; border_radii=&#8221;||||20vw&#8221; box_shadow_style=&#8221;preset1&#8243; box_shadow_color=&#8221;rgba(0,64,135,0.06)&#8221; locked=&#8221;off&#8221; global_colors_info=&#8221;{}&#8221; border_radii_last_edited=&#8221;on|phone&#8221; border_radii_phone=&#8221;on|0vw|0vw|0vw|0vw&#8221; sticky_enabled=&#8221;0&#8243; custom_padding_phone=&#8221;||0px||false|true&#8221; border_radii_tablet=&#8221;||||20vw&#8221;][et_pb_row custom_padding_last_edited=&#8221;on|desktop&#8221; _builder_version=&#8221;4.27.3&#8243; background_color=&#8221;#51a5ba&#8221; width=&#8221;100%&#8221; max_width=&#8221;842%&#8221; custom_margin=&#8221;0px|||10%|false|false&#8221; custom_padding=&#8221;60px|10%|76px|0vw|false|false&#8221; custom_padding_tablet=&#8221;|5vw||5vw||true&#8221; custom_padding_phone=&#8221;33px|5vw|40px|5vw|false|true&#8221; animation_style=&#8221;zoom&#8221; animation_direction=&#8221;top&#8221; animation_intensity_zoom=&#8221;1%&#8221; hover_enabled=&#8221;0&#8243; border_radii=&#8221;||||14vw&#8221; box_shadow_style=&#8221;preset4&#8243; box_shadow_horizontal=&#8221;600px&#8221; box_shadow_vertical=&#8221;0px&#8221; box_shadow_color=&#8221;#0081ff&#8221; use_custom_width=&#8221;on&#8221; width_unit=&#8221;off&#8221; global_colors_info=&#8221;{}&#8221; sticky_enabled=&#8221;0&#8243; custom_margin_last_edited=&#8221;on|phone&#8221; custom_margin_phone=&#8221;0px||0px|0%|false|false&#8221; border_radii_last_edited=&#8221;on|phone&#8221; border_radii_phone=&#8221;on|0vw|0vw|0vw|0vw&#8221; custom_margin_tablet=&#8221;0px|||10%|false|false&#8221; border_radii_tablet=&#8221;||||14vw&#8221;][et_pb_column type=&#8221;4_4&#8243; _builder_version=&#8221;4.27.3&#8243; custom_padding=&#8221;|||&#8221; custom_padding_tablet=&#8221;40px|||&#8221; custom_padding_phone=&#8221;20px|||&#8221; custom_padding_last_edited=&#8221;off|desktop&#8221; global_colors_info=&#8221;{}&#8221; padding_phone=&#8221;20px|||&#8221; padding_tablet=&#8221;40px|||&#8221; padding_last_edited=&#8221;off|desktop&#8221; custom_padding__hover=&#8221;|||&#8221;][et_pb_blurb image=&#8221;https:\/\/brzoskowscy.pl\/wp-content\/uploads\/2024\/11\/dentist-icon-white-5.png&#8221; _builder_version=&#8221;4.27.3&#8243; header_font=&#8221;Cantata One||||||||&#8221; header_font_size=&#8221;18px&#8221; header_line_height=&#8221;1.8em&#8221; text_orientation=&#8221;center&#8221; background_layout=&#8221;dark&#8221; hover_enabled=&#8221;0&#8243; global_colors_info=&#8221;{}&#8221; content_max_width_last_edited=&#8221;on|phone&#8221; content_max_width_phone=&#8221;&#8221; sticky_enabled=&#8221;0&#8243;]<\/p>\n<p>Stomatologia zachowawcza to podstawa zdrowego u\u015bmiechu.<br \/>Dzi\u0119ki regularnym wizytom u dentysty i odpowiedniej higienie jamy ustnej mo\u017cesz cieszy\u0107 si\u0119 pi\u0119knymi i zdrowymi z\u0119bami przez ca\u0142e \u017cycie.<\/p>\n<p>[\/et_pb_blurb][\/et_pb_column][\/et_pb_row][\/et_pb_section][et_pb_section fb_built=&#8221;1&#8243; admin_label=&#8221;Our Mission&#8221; _builder_version=&#8221;4.27.3&#8243; background_color=&#8221;#dce1ea&#8221; use_background_color_gradient=&#8221;on&#8221; background_color_gradient_stops=&#8221;#ffffff 0%|rgba(255,255,255,0.29) 100%&#8221; background_color_gradient_overlays_image=&#8221;on&#8221; background_color_gradient_start=&#8221;#ffffff&#8221; background_color_gradient_end=&#8221;rgba(255,255,255,0.29)&#8221; background_image=&#8221;https:\/\/brzoskowscy.pl\/wp-content\/uploads\/2024\/11\/dentist-19.png&#8221; custom_padding=&#8221;54px|0px|1px|0px|false|false&#8221; hover_enabled=&#8221;0&#8243; global_colors_info=&#8221;{}&#8221; custom_padding_last_edited=&#8221;on|phone&#8221; custom_padding_phone=&#8221;0px|0px|1px|0px|false|false&#8221; sticky_enabled=&#8221;0&#8243; custom_padding_tablet=&#8221;54px|0px|1px|0px|false|false&#8221;][et_pb_row column_structure=&#8221;1_2,1_2&#8243; padding_top_bottom_link_2=&#8221;false&#8221; padding_left_right_link_2=&#8221;false&#8221; _builder_version=&#8221;4.27.3&#8243; width=&#8221;100%&#8221; max_width=&#8221;100%&#8221; custom_margin=&#8221;||0px||false|false&#8221; custom_padding=&#8221;0px||0px||true&#8221; use_custom_width=&#8221;on&#8221; width_unit=&#8221;off&#8221; custom_width_percent=&#8221;100%&#8221; global_colors_info=&#8221;{}&#8221;][et_pb_column type=&#8221;1_2&#8243; _builder_version=&#8221;4.27.3&#8243; custom_padding=&#8221;|||&#8221; global_colors_info=&#8221;{}&#8221; custom_padding__hover=&#8221;|||&#8221;][et_pb_image src=&#8221;https:\/\/brzoskowscy.pl\/wp-content\/uploads\/2024\/11\/1000Image00015.jpg&#8221; title_text=&#8221;1000Image00015&#8243; align_tablet=&#8221;center&#8221; align_phone=&#8221;center&#8221; align_last_edited=&#8221;on|desktop&#8221; _builder_version=&#8221;4.27.3&#8243; hover_enabled=&#8221;0&#8243; border_radii=&#8221;||20vw||&#8221; box_shadow_style=&#8221;preset1&#8243; box_shadow_horizontal=&#8221;10px&#8221; box_shadow_vertical=&#8221;20px&#8221; box_shadow_blur=&#8221;80px&#8221; box_shadow_color=&#8221;rgba(0,64,135,0.06)&#8221; global_colors_info=&#8221;{}&#8221; border_radii_last_edited=&#8221;on|phone&#8221; border_radii_phone=&#8221;on|0vw|0vw|0vw|0vw&#8221; sticky_enabled=&#8221;0&#8243; border_radii_tablet=&#8221;||20vw||&#8221;][\/et_pb_image][\/et_pb_column][et_pb_column type=&#8221;1_2&#8243; _builder_version=&#8221;4.27.3&#8243; custom_padding=&#8221;1vw|10vw|60px||false|true&#8221; custom_padding_tablet=&#8221;|10%|20vw|10%||true&#8221; custom_padding_phone=&#8221;|||&#8221; custom_padding_last_edited=&#8221;on|phone&#8221; global_colors_info=&#8221;{}&#8221; padding_phone=&#8221;|||&#8221; padding_tablet=&#8221;|10%|20vw|10%||true&#8221; padding_last_edited=&#8221;on|phone&#8221; custom_padding__hover=&#8221;|||&#8221;][et_pb_text _builder_version=&#8221;4.27.3&#8243; text_font=&#8221;Open Sans||||||||&#8221; text_line_height=&#8221;2em&#8221; header_font=&#8221;||||||||&#8221; header_3_font=&#8221;Cantata One||||||||&#8221; header_3_font_size=&#8221;20px&#8221; header_3_line_height=&#8221;1.6em&#8221; max_width=&#8221;500px&#8221; custom_margin=&#8221;75px|||||&#8221; hover_enabled=&#8221;0&#8243; locked=&#8221;off&#8221; global_colors_info=&#8221;{}&#8221; custom_margin_last_edited=&#8221;on|phone&#8221; custom_margin_phone=&#8221;0px||0px||false|false&#8221; sticky_enabled=&#8221;0&#8243; custom_margin_tablet=&#8221;75px|||||&#8221;]<\/p>\n<h3 data-sourcepos=\"26:1-26:55\">Kiedy nale\u017cy uda\u0107 si\u0119 na wizyt\u0119?<\/h3>\n<ul data-sourcepos=\"28:1-31:0\">\n<li data-sourcepos=\"28:1-28:103\"><strong>Regularnie:<\/strong> Co 6 miesi\u0119cy, aby przeprowadzi\u0107 kontrolne badanie i profesjonalne czyszczenie z\u0119b\u00f3w.<\/li>\n<li data-sourcepos=\"29:1-29:122\"><strong>W przypadku b\u00f3lu z\u0119ba:<\/strong> B\u00f3l z\u0119ba jest sygna\u0142em, \u017ce co\u015b jest nie tak i wymaga natychmiastowej interwencji stomatologa.<\/li>\n<li data-sourcepos=\"30:1-31:0\"><strong>W przypadku zauwa\u017cenia jakichkolwiek zmian w jamie ustnej:<\/strong> Krwawienie dzi\u0105se\u0142, przebarwienia z\u0119b\u00f3w, nadwra\u017cliwo\u015b\u0107 na ciep\u0142e i zimne \u2013 to wszystko s\u0105 powody, aby zg\u0142osi\u0107 si\u0119 do dentysty.<\/li>\n<\/ul>\n<p>[\/et_pb_text][\/et_pb_column][\/et_pb_row][\/et_pb_section]<\/p>\n","protected":false},"excerpt":{"rendered":"<p>Stomatologia zachowawcza Stomatologia zachowawcza to dziedzina stomatologii, kt\u00f3ra zajmuje si\u0119 przede wszystkim profilaktyk\u0105 i leczeniem chor\u00f3b z\u0119b\u00f3w.Jej celem jest zachowanie naturalnych z\u0119b\u00f3w w jak najlepszym stanie przez jak najd\u0142u\u017cszy czas.Co obejmuje stomatologia zachowawcza? Badania profilaktyczne: Regularne wizyty kontrolne, podczas kt\u00f3rych stomatolog ocenia stan zdrowia jamy ustnej, usuwa osad i kamie\u0144 naz\u0119bny. Leczenie pr\u00f3chnicy: Usuwanie ubytk\u00f3w [&hellip;]<\/p>\n","protected":false},"author":1,"featured_media":0,"parent":0,"menu_order":0,"comment_status":"closed","ping_status":"closed","template":"","meta":{"_et_pb_use_builder":"on","_et_pb_old_content":"","_et_gb_content_width":"","footnotes":""},"class_list":["post-194","page","type-page","status-publish","hentry"],"_links":{"self":[{"href":"https:\/\/brzoskowscy.pl\/index.php\/wp-json\/wp\/v2\/pages\/194","targetHints":{"allow":["GET"]}}],"collection":[{"href":"https:\/\/brzoskowscy.pl\/index.php\/wp-json\/wp\/v2\/pages"}],"about":[{"href":"https:\/\/brzoskowscy.pl\/index.php\/wp-json\/wp\/v2\/types\/page"}],"author":[{"embeddable":true,"href":"https:\/\/brzoskowscy.pl\/index.php\/wp-json\/wp\/v2\/users\/1"}],"replies":[{"embeddable":true,"href":"https:\/\/brzoskowscy.pl\/index.php\/wp-json\/wp\/v2\/comments?post=194"}],"version-history":[{"count":13,"href":"https:\/\/brzoskowscy.pl\/index.php\/wp-json\/wp\/v2\/pages\/194\/revisions"}],"predecessor-version":[{"id":263,"href":"https:\/\/brzoskowscy.pl\/index.php\/wp-json\/wp\/v2\/pages\/194\/revisions\/263"}],"wp:attachment":[{"href":"https:\/\/brzoskowscy.pl\/index.php\/wp-json\/wp\/v2\/media?parent=194"}],"curies":[{"name":"wp","href":"https:\/\/api.w.org\/{rel}","templated":true}]}}